. What are the prime factors of r?
11
What are the prime factors of -1921*(3 + 2)/(-5)?
17, 113
Suppose -r = u - 16, -5*u + 14 = -5*r + 64. List the prime factors of r.
13
Let z = 7 + -7. Let h(a) = a**3 + 2*a - a**2 - 3*a**2 - a + z*a**3 - 3. What are the prime factors of h(5)?
3
Let u = 1531 - 504. What are the prime factors of u?
13, 79
Suppose 0 = 2*x - 509 - 545. List the prime factors of x.
17, 31
Suppose 2*j = -x - 2*x + 45, j - 3*x = 0. Let z be ((-125)/j)/((-2)/(-6)). Let w = 44 - z. What are the prime factors of w?
3, 23
What are the prime factors of 142*((-14)/(-4) + 0)?
7, 71
Suppose -o + 431 = -n, -14 - 1 = 3*n. What are the prime factors of o?
2, 3, 71
Suppose -5*x - 369 = -2*w, 2*x - 4*w = -2*x - 288. Let z = x + 236. What are the prime factors of z?
7, 23
Let i(f) = -3*f + 55. Let p be i(17). Suppose p = -c, 548 + 8 = 4*q - c. List the prime factors of q.
2, 3, 23
Suppose 14*x - 12*x - 987 = 5*i, 2*i = 2*x - 990. List the prime factors of x.
2, 31
Suppose 2*v = -4*g + 364, 137 = 4*v + 2*g - 579. Suppose 4*b = 3*c - 291, -3*c + 122 = -b - v. What are the prime factors of c?
101
Let h(p) = 3*p + 3. Suppose -5*t + 24 = 3*r, -3*t + r = -6*t + 12. Let n be h(t). Let d = n - -17. List the prime factors of d.
29
Let m = -9 - -53. Let r = m - -22. List the prime factors of r.
2, 3, 11
Let u(d) = -d**3 - 16*d**2 + 2*d + 215. What are the prime factors of u(-16)?
3, 61
Suppose v = -5*z + 24, 0 = 4*z + z - 4*v - 29. List the prime factors of z.
5
Suppose -5*y + 12 + 53 = -3*i, -y - 4*i - 10 = 0. Let s be 1154 - (-4 - -3)/((-2)/4). List the prime factors of 4/y - s/(-20).
2, 29
Let t = 1356 + -1133. List the prime factors of t.
223
Suppose 0 = -2*u - 3*z - 2, -5*u - 2*z - 20 = -4. Let o(y) = -2*y**2 - 4*y. Let r be o(u). What are the prime factors of r/(12/8 + -2)?
2
Let m(b) = -b**3 + 5*b**2 + 5*b + 2. Let o be m(6). Let q(y) = 6*y - 2*y - 5*y + 5. What are the prime factors of q(o)?
3
Let j(s) = 4*s**2 + 3*s - 3. Let d(u) = -11*u**2 - 10*u + 8. Let a(c) = 3*d(c) + 8*j(c). Let h be a(-9). Let p = 46 + h. What are the prime factors of p?
19
List the prime factors of ((-1254)/(-8))/(-7*27/(-504)).
2, 11, 19
Let x(o) = o**3 - 45*o**2 - 75*o - 111. List the prime factors of x(47).
2, 17, 23
Let z(q) be the second derivative of 5*q**4/6 - q**3/2 + 5*q**2/2 - q. Let d be z(-4). List the prime factors of d/9 + (-3)/(-9).
2, 5
Let d be (-20)/(-50)*(10 + 0). Suppose 2*n - 3*o + 20 = 167, 4 = d*o. Let y = n - 52. List the prime factors of y.
23
Let j be 1 + 1 + -2*1. Let a = 3 + j. Suppose a*r - 15 = -0*r. List the prime factors of r.
5
Let w be 0 - 3 - (-6 + 4). List the prime factors of 97 - (0 - (3 + 0 + w)).
3, 11
Suppose -3*i + 295 = -c - 110, -4*c = i - 135. What are the prime factors of i?
3, 5
Let u = -30 - -32. Let c be -3 + 49 - (-8)/u. List the prime factors of c + 16/(-4) + 0.
2, 23
Suppose 4*l + 338 = 5*t, -l + 283 = -t + 5*t. Let p = 120 + t. What are the prime factors of p?
2, 5, 19
Let g(o) = -70*o + 532. List the prime factors of g(-20).
2, 3, 7, 23
Suppose -4*j + 19 = 7. Suppose 8 = j*i - 4. Suppose h = 4*b + 5, 4*b - 5*b = -i. What are the prime factors of h?
3, 7
Suppose -5144*w + 3120 = -5138*w. List the prime factors of w.
2, 5, 13
Suppose p - 5*z - 160 = 0, 2*p = 4*z + 162 + 146. List the prime factors of p.
2, 3, 5
Suppose 2*a = 2*q - 0*a + 4, -5*a = -25. Suppose -4*g = -q*t + 48, -4*t = -g - 2*g - 57. What are the prime factors of 18/(-6) - t*-2?
3, 7
Let y(b) be the first derivative of b**5/12 - b**3/3 - 3*b**2/2 - 7. Let r(o) be the second derivative of y(o). List the prime factors of r(2).
2, 3
Let j(y) = -y**3 - 51*y**2 - 21*y + 84. List the prime factors of j(-51).
3, 5, 7, 11
Suppose 4620 = 4*a - i, 36*a - 4*i = 41*a - 5796. List the prime factors of a.
2, 17
Let d(p) = 9*p**2 - 4*p - 26. What are the prime factors of d(5)?
179
Let y be (-9)/6*(-28)/6. Suppose 19 = 8*d - y*d. Suppose -d = -u + 32. List the prime factors of u.
3, 17
Suppose -3*c = 0, -t + 4*c = 3*t + 168. Let s = 119 + t. What are the prime factors of s?
7, 11
Let v(n) = 4*n**2 - n - 4. Let j be v(2). Suppose j = -5*w, -234 = -2*f + 3*w - 76. List the prime factors of f.
2, 19
Suppose 18*u - 46640 - 16180 = 0. List the prime factors of u.
2, 5, 349
Let d(c) = 3*c**2 + 4*c - 25. Let o(r) = r**3 - 7*r**2 - 8*r + 8. Let l be o(8). What are the prime factors of d(l)?
199
Let g(w) = -5*w + 21. Let j be g(4). Let z(k) = 343*k**3 - k**2 - k + 1. Let h be z(1). What are the prime factors of h/(-45)*(-6 + j)?
2, 19
Suppose 466 = -2*a + 2370. Suppose 6*u = 14*u - a. What are the prime factors of u?
7, 17
Suppose 0 = 3*c - 7*c + 2*b - 70, -36 = 3*c + 4*b. What are the prime factors of (c/(-2))/(-13 + 15)?
2
Let j = -32 + 34. Suppose 16 = -j*o + 6*o. What are the prime factors of o?
2
Let i(m) = -6*m**2 + 70*m + 8. List the prime factors of i(10).
2, 3
Suppose 4*a - n = -31, 3*a = 2*a + 3*n - 16. Let s = 8 + a. What are the prime factors of s/(-3) + 364/21?
17
Suppose 5*n - 68 - 112 = 0. Suppose -4*c + 104 + n = 0. What are the prime factors of c?
5, 7
Suppose -3*i + 26 = -2*h - 2*h, 0 = h - 1. Suppose -12 = -4*f + 4. Suppose z = -f*z + i. List the prime factors of z.
2
Let c(p) = -p**2 - 23*p + 31. Let u be c(-21). Let q = 121 - u. What are the prime factors of q?
2, 3
Let j = 11 + -8. Let u(q) = 3 + 3 + 2 - 3*q - j. What are the prime factors of u(-9)?
2
Let y(r) = -r + 9. Suppose 2*f + 0*f + 2 = 0, 5*f - 37 = -3*o. Let d = o + -8. List the prime factors of y(d).
3
Suppose m + 5 = 0, -l + 3*m = 2*m + 6. Let x = 64 + l. List the prime factors of x.
53
Suppose -260 + 2 = -3*o. List the prime factors of o.
2, 43
Let c = -33 + 37. Let v be (-15)/60 + 45/c. Let r(m) = m - 8. List the prime factors of r(v).
3
Let o(m) be the third derivative of -1/12*m**4 + 0 + 0*m - 3*m**2 + 1/12*m**5 - 1/6*m**3. List the prime factors of o(-2).
23
Suppose -4*y + 12976 = 3*v, -v - v + 8620 = -5*y. What are the prime factors of v?
2, 3, 5
Let x(c) = c**3 + 8*c**2 - 8*c + 12. Let a be x(-9). Let n be a*(57/9 - -2). Let d = n + -1. What are the prime factors of d?
2, 3
Suppose 4*i - 91 = -i + 2*q, -4*i - 4*q + 84 = 0. Let b = -16 + i. What are the prime factors of b*1 + -10 + 14?
7
Suppose -2*p - 10*b = -13*b - 11453, -22907 = -4*p + 5*b. What are the prime factors of p?
2, 179
What are the prime factors of (-264)/33*(-1558)/8?
2, 19, 41
Let d be -6*(-4)/6*-4. Let b = 29 + d. Let g = b - -15. List the prime factors of g.
2, 7
Let g be (-1)/(14/(-4))*(0 - -7). Let m(l) = 16*l + 2. Let a be m(2). Suppose 2*d + 2*u + 18 = 3*d, -g*d + a = -2*u. What are the prime factors of d?
2
Suppose -3*v + 2258 = -1105. What are the prime factors of v?
19, 59
Let m(v) be the third derivative of v**5/15 - 5*v**4/24 + v**3/2 - 7*v**2. List the prime factors of m(-2).
29
Let o be 0 - 2/2*35. Let r = -4 + o. Let p = 71 + r. What are the prime factors of p?
2
What are the prime factors of ((-24)/10)/(32/(-8240))?
2, 3, 103
List the prime factors of 3 - 1672*((-126)/(-24) + -6).
3, 419
What are the prime factors of (4095/(-26))/(-1 - 6/(-8))?
2, 3, 5, 7
Let h(v) = 329*v**2 - 8*v + 7. What are the prime factors of h(1)?
2, 41
Let l = -200 - -2026. What are the prime factors of l?
2, 11, 83
Let u = -8742 + 12604. What are the prime factors of u?
2, 1931
Let f(l) = 2*l**3 + 3*l**2 - 2*l + 2. Suppose -4 + 94 = -5*k. Let t = -16 - k. What are the prime factors of f(t)?
2, 13
Let z(w) = 21*w - 20. Let m be z(-5). Let p = 186 + m. What are the prime factors of p?
61
Let p = 23 - 30. Let n(x) = -x**2 - 6*x + 17. What are the prime factors of n(p)?
2, 5
Suppose 3*s + 790 = k, 0 = -4*k + 2*s - 5*s + 3160. List the prime factors of k.
2, 5, 79
Suppose -19*s + 14*s = -325. Suppose 4*u - 115 = s. List the prime factors of u.
3, 5
Let i(j) = 201*j - 90. List the prime factors of i(5).
3, 5, 61
Suppose 470 = 3*k - k. Suppose 240 = 5*w - 5*l, 3*l + l + k = 5*w. List the prime factors of w.
43
Let w be (-2)/(2/(-11)) + (-50 - -52). Suppose 0 = w*g - 2466 - 836. What are the prime factors of g?
2, 127
Let o(d) = d**2 - 14. Let h be o(7). Suppose 184 = 4*k + 4*a, -k + 15 + h = 5*a. List the prime factors of k.
3, 5
Let a be 1 + (3/1)/(-3). Let v(j) = -4 - j + a + 8*j + 5. What are the prime factors of v(4)?
29
Let f = 1122